ase 13) to base 10.
-24402
What is -1102211 (base 3) in base 10?
-1048
Convert 2391 (base 14) to base 5.
144303
What is 1355a (base 14) in base 16?
ba5c
-13608 (base 14) to base 8
-135330
Convert 2266 (base 7) to base 5.
11312
What is -112210102 (base 3) in base 10?
-10784
Convert -21024 (base 9) to base 3.
-201000211
What is 102 (base 15) in base 14?
123
What is -13323 (base 5) in base 12?
-768
Convert 63d1 (base 15) to base 3.
1001222021
What is -112 (base 6) in base 3?
-1122
Convert 422 (base 8) to base 10.
274
What is 28237 (base 9) in base 12?
b0ba
Convert -2b76 (base 14) to base 5.
-221443
What is -286a0 (base 13) in base 9?
-125028
Convert 1201323 (base 4) to base 5.
200032
Convert -3020 (base 5) to base 6.
-1441
Convert 9c2 (base 15) to base 4.
202133
What is -1006 (base 12) in base 6?
-12010
2540 (base 8) to base 12
968
Convert -2667 (base 9) to base 12.
-11b1
6727 (base 12) to base 7
45154
What is 4598 (base 11) in base 15?
1bc6
Convert 3640 (base 13) to base 12.
4521
-1100101 (base 2) to base 6
-245
2672 (base 10) to base 9
3588
What is -21240 (base 6) in base 3?
-10222120
What is 2422 (base 12) in base 9?
5508
-464 (base 8) to base 14
-180
14eb (base 15) to base 9
6145
Convert 2373 (base 16) to base 5.
242300
-2433 (base 6) to base 15
-29c
What is -122424 (base 7) in base 6?
-252113
What is -3523 (base 9) in base 7?
-10422
What is 1532 (base 9) in base 11?
968
What is -10000001111 (base 2) in base 3?
-1102111
2594b (base 12) to base 13
1a570
What is 31342 (base 5) in base 14?
a9b
Convert 1401 (base 9) to base 13.
631
What is -648 (base 14) in base 13?
-745
Convert 46303 (base 7) to base 13.
54b8
-11024 (base 6) to base 5
-22103
What is -12303 (base 6) in base 2?
-11100101111
What is 331 (base 8) in base 2?
11011001
1622 (base 9) to base 7
3413
Convert -31023 (base 6) to base 8.
-10027
What is -10341 (base 8) in base 11?
-3279
22347 (base 8) to base 3
110221220
What is 534 (base 14) in base 16?
402
-1111110 (base 3) to base 15
-4cc
-42431 (base 7) to base 16
-290c
What is -10131112 (base 4) in base 12?
-a69a
What is 13504 (base 7) in base 10?
3679
What is 4795 (base 12) in base 4?
1331201
What is -122100 (base 3) in base 7?
-1236
Convert -412121 (base 5) to base 13.
-6148
What is 21727 (base 8) in base 13?
423a
What is 11011001011100 (base 2) in base 5?
421131
Convert -1123430 (base 5) to base 16.
-500a
Convert -100111 (base 5) to base 9.
-4286
What is 120000 (base 3) in base 9?
500
Convert 210000 (base 3) to base 6.
2343
What is -1373 (base 8) in base 14?
-3c7
-5a (base 12) to base 10
-70
What is 6720 (base 8) in base 6?
24212
31201 (base 4) to base 14
45b
-12100221 (base 3) to base 14
-15d7
Convert 13 (base 4) to base 9.
7
401330 (base 5) to base 10
12715
What is -ba12 (base 14) in base 5?
-2012120
Convert -1413003 (base 5) to base 13.
-10348
-155442 (base 6) to base 9
-23238
-442 (base 10) to base 2
-110111010
What is -1032 (base 7) in base 11?
-303
What is -349 (base 10) in base 5?
-2344
Convert 1001220221 (base 3) to base 15.
63aa
Convert -1221111 (base 3) to base 13.
-850
1001101001010 (base 2) to base 9
6686
Convert 24103 (base 6) to base 2.
110110100111
What is 5774 (base 12) in base 3?
111100121
What is -1171 (base 9) in base 7?
-2356
Convert 2443 (base 5) to base 12.
271
326 (base 9) to base 8
413
What is 1989 (base 12) in base 5?
100004
-271 (base 16) to base 15
-2ba
-679 (base 14) to base 3
-1202112
Convert -6eb2 (base 15) to base 8.
-56017
Convert -cc9 (base 13) to base 11.
-1714
Convert -506 (base 12) to base 7.
-2055
Convert -2323 (base 6) to base 13.
-339
Convert 2002 (base 3) to base 4.
320
What is 747 (base 8) in base 5?
3422
b582 (base 12) to base 16
4d72
100001102 (base 3) to base 6
50315
What is -4d7d (base 16) in base 6?
-231501
What is 123a1 (base 12) in base 9?
36844
-42a6 (base 13) to base 3
-110201001
What is 5602 (base 8) in base 10?
2946
121000221 (base 3) to base 15
36e4
2e7 (base 15) to base 2
1010011011
Convert -451 (base 7) to base 11.
-1a1
-13131 (base 4) to base 16
-1dd
8b68 (base 16) to base 7
206022
Convert -154454 (base 6) to base 10.
-15298
74453 (base 8) to base 2
111100100101011
302430 (base 6) to base 2
101110101110010
1020100101 (base 3) to base 15
730a
Convert -10002221 (base 3) to base 14.
-b7c
Convert -6d6 (base 15) to base 16.
-60f
271 (base 8) to base 11
159
Convert 3501 (base 7) to base 15.
5a0
Convert 102333131 (base 4) to base 12.
39025
-26932 (base 11) to base 12
-1a274
Convert -2025 (base 6) to base 7.
-1211
What is -655 (base 16) in base 7?
-4504
Convert 651 (base 14) to base 2.
10011011111
Convert 5ba (base 13) to base 6.
4342
-670 (base 10) to base 3
-220211
-369 (base 11) to base 6
-2010
1000111011 (base 2) to base 4
20323
What is -101101001001110 (base 2) in base 11?
-16407
Convert -355 (base 7) to base 5.
-1222
-6204 (base 12) to base 8
-24644
What is 1200110020 (base 3) in base 12?
17213
-1132 (base 4) to base 10
-94
What is -60d (base 15) in base 4?
-111103
Convert 56c (base 15) to base 7.
3402
What is -120201002 (base 3) in base 11?
-866a
Convert -32505 (base 6) to base 10.
-4505
What is -407e (base 15) in base 9?
-20612
-24041 (base 9) to base 14
-5c03
What is -2013 (base 4) in base 3?
-12000
-101134 (base 5) to base 3
-11112000
-21c8 (base 15) to base 4
-1233323
-20463 (base 7) to base 4
-1032303
What is -423344 (base 5) in base 10?
-14224
Convert -2500 (base 6) to base 12.
-430
What is 120110211 (base 3) in base 9?
16424
Convert 1000110010 (base 2) to base 14.
2c2
Convert -10204 (base 5) to base 7.
-1660
What is 503 (base 9) in base 14?
212
What is -25251 (base 11) in base 14?
-d2c3
What is 13a18 (base 11) in base 9?
30220
What is 3b9 (base 13) in base 8?
1223
What is 653 (base 10) in base 8?
1215
What is -120 (base 16) in base 10?
-288
What is 105053 (base 6) in base 4?
2022321
Convert 887 (base 10) to base 9.
1185
Convert -35135 (base 6) to base 13.
-2399
Convert -158 (base 10) to base 3.
-12212
2663 (base 9) to base 12
11a9
Convert -6b3 (base 14) to base 12.
-931
74dd (base 14) to base 12
b823
Convert b81 (base 14) to base 11.
1783
Convert -2552 (base 7) to base 5.
-12333
What is 289 (base 11) in base 4?
11103
16773 (base 8) to base 5
221200
Convert -5687 (base 10) to base 11.
-4300
-21212 (base 4) to base 2
-1001100110
-1011001000001 (base 2) to base 12
-3369
Convert -483 (base 9) to base 10.
-399
What is 355504 (base 6) in base 4?
13211200
What is -43d (base 14) in base 13?
-4c7
46235 (base 10) to base 12
2290b
5ec (base 16) to base 11
1159
What is 1000100001100 (base 2) in base 3?
12222122
-3223 (base 10) to base 4
-302113
32b (base 12) to base 10
467
128 (base 12) to base 5
1201
What is -4896 (base 12) in base 2?
-1111111110010
10031 (base 5) to base 3
212202
Convert 1800d (base 15) to base 4.
102331012
Convert 1a422 (base 12) to base 9.
57868
1570 (base 11) to base 15
8e3
What is -12132 (base 7) in base 11?
-2412
Convert 445 (base 6) to base 3.
20102
Convert -448 (base 10) to base 16.
-1c0
Convert 520 (base 8) to base 14.
1a0
-a8bb (base 12) to base 3
-221110222
Convert 4334 (base 5) to base 12.
416
Convert -2112 (base 7) to base 4.
-23220
Convert -7373 (base 15) to base 10.
-24408
What is 1105 (base 9) in base 5?
11230
310b (base 12) to base 4
1103123
1456b (base 14) to base 2
1100010100100011
What is -445 (base 15) in base 13?
-593
-12325 (base 6) to base 11
-1435
Convert -10132130 (base 4) to base 8.
-43634
-5012 (base 6) to base 14
-57a
-46f (base 16) to base 7
-3211
What is -110110101000 (base 2) in base 6?
-24104
10001111101 (base 2) to base 4
101331
What is -44 (base 11) in base 8?
-60
Convert -4994 (base 12) to base 15.
-26ea
-101111010101 (base 2) to base 9
-4135
What is -18b (base 14) in base 8?
-477
101320 (base 4) to base 14
5ba
Convert -56f2 (base 16) to base 6.
-251014
Convert 6672 (base 8) to base 9.
4734
-11202120 (base 3) to base 5
-102341
Convert 6c39 (base 16) to base 5.
1341310
Convert -203232 (base 5) to base 6.
-50552
What is -1110010010 (base 3) in base 5?
-1403030
What is -220032 (base 4) in base 3?
-10112100
-102201 (base 3) to base 13
-1b4
What is 10665 (base 8) in base 10?
4533
1d93 (base 14) to base 10
5421
-221013 (base 4) to base 13
-1275
Convert -550 (base 9) to base 8.
-702
What is -95d (base 15) in base 16?
-841
-39971 (base